*x + 1. Let p be v(1). Suppose 4*l + 0*s = -k*s + 727, -2*s = -p*l + 903. Is l composite?
False
Suppose -737877 = -49*g + 28*g. Is g a prime number?
False
Let o be (2 + 1)/((-15)/(-365)). Suppose 0 = -2*r - q + 664, 4*q + 10 - 26 = 0. Suppose j = o + r. Is j composite?
True
Let f(k) = 25904*k**3 - k**2 + k - 1. Is f(1) a prime number?
True
Suppose 5*g = 3*j - 13715 + 148758, 5*g + 4*j = 135071. Is g composite?
False
Let u be (21/12)/(5/(-40)). Let j = -14 - u. Suppose 2*z = t + t + 248, -3*t + 15 = j. Is z prime?
False
Suppose -128 = 5*r - 23. Is 388/5 + r/35 a prime number?
False
Let j(l) = 34*l**2 + 16*l - 7. Let c(q) = -69*q**2 - 33*q + 15. Let w(g) = 6*c(g) + 13*j(g). Suppose 4 = -4*u + 5*u. Is w(u) composite?
False
Let a(b) = -41*b**3 - 10*b**2 - 47*b - 19. Is a(-15) composite?
False
Let n(h) = h + 12. Let m be n(-10). Suppose -9*k = -10*k + 58. Suppose -y = -4*p - 38, 3*y - y - k = m*p. Is y composite?
True
Let g be (4/4 - 1)/(-1). Suppose -2*a + 1155 = -1401. Suppose 5*r - s - 1593 = g, -5*r + r - s = -a. Is r a prime number?
False
Let d = 5903 - -2748. Is d composite?
True
Let k be 9/12 + 1167/12. Let r = k - 51. Is r a composite number?
False
Suppose 0 = -h, -2*h - 8713 - 13962 = -5*k. Is k composite?
True
Suppose 3*l - 13 = 20. Let h = l - 8. Suppose h*j = 212 + 55. Is j composite?
False
Let h(w) be the second derivative of 77*w**5/20 + w**3/6 - w**2/2 - 2*w. Let o be h(1). Suppose -5*l + 257 + 128 = 5*t, -t - 3*l = -o. Is t prime?
False
Suppose 0 = 3*q - 61 + 7. Let x = q + 69. Is x prime?
False
Suppose 4*t - 5*q + 24943 = 0, 5*t = 7*t - 4*q + 12476. Let j = t - -10523. Is j composite?
True
Suppose 2*g + g = -4*h, -15 = 5*h. Suppose -g*y - n + 22026 = -y, 5*y + 4*n - 36703 = 0. Is y a prime number?
False
Suppose 0 = -4*j + 5*x + 276557, 21*x = -3*j + 23*x + 207423. Is j prime?
True
Suppose -2*v - 28*s + 58822 = -29*s, -2*s - 147057 = -5*v. Is v a prime number?
False
Let v(d) = -2*d**2 - 2*d - 38. Let j be v(0). Let y = 141 - j. Is y composite?
False
Let u(g) = -270*g**3 - 4*g**2 - 8*g - 11. Let t = 27 - 29. Is u(t) a prime number?
False
Suppose 0 = 4*c - 16, -5*v + 2923 = 3*c - 6*c. Is v prime?
True
Suppose 2*b - j - 7 = 0, 3 = 3*b + 4*j - 24. Suppose b*p - 259 = -4*n + 229, -p - 639 = -5*n. Is n a composite number?
False
Let p(w) = -w**2 - 5*w + 2. Let u be p(-5). Suppose -3*n - 5*o + 3*o = -1307, -u*n - o = -872. Is n composite?
True
Let f = 1801 - -2334. Is f prime?
False
Suppose 0 = -58*s + 52*s + 2658. Is s prime?
True
Let g be 177 + (4 - 3 - 2). Let c = 319 - g. Is c composite?
True
Suppose -9*m = -6*m - 5*y - 2797, -4635 = -5*m - 5*y. Is m a composite number?
False
Suppose 4*k = -5*m + 3*k - 1051, 0 = -m - 5*k - 191. Let u = 368 + m. Is u composite?
False
Suppose 5*u = -10, 3*f = -3*u - 1 + 4. Let d = -88 + 92. Suppose 0 = 3*r + 12, f*r + 0*r + 136 = d*y. Is y a prime number?
True
Suppose 2*n + n + 5568 = 0. Let w = 3298 + n. Suppose 8*i = 22 + w. Is i prime?
False
Suppose -t + 4*t = -6, i = -t + 7. Suppose 1051 = 5*p - a, -4*a = -7 - i. Is (p/(-3))/((-1)/3) a prime number?
True
Suppose 0 = -l + 3. Is 206 + (5 - l)*-2 prime?
False
Is (-1 - 4/(-8))*(8 + -13006) a prime number?
False
Suppose -5*g - 53 = -3*t, -2*g = -5*g - 5*t - 25. Is (5/(-4))/((g/632)/5) a prime number?
False
Suppose 13829 = 3*x - 2*x + 5*s, -5*x + 69145 = s. Is x a composite number?
False
Suppose 0 = -4*d + 18 + 6. Suppose 25 = 11*y - d*y. Suppose -y*j + 2343 = -2*j. Is j prime?
False
Suppose -x - 57203 = 20*p - 23*p, 4*x - 57223 = -3*p. Is p a prime number?
True
Let q(l) = l**3 + 3*l**2 + 4. Suppose 0 = 4*h + 2*i + 2, -6*i + 4*i + 13 = -h. Let f be q(h). Suppose 0 = 2*s - f*s + 278. Is s a composite number?
False
Let f = 1339 - 456. Is f composite?
False
Let z be (-1*(1 - -2))/(-1). Suppose q - z = 1. Is -85*q/4*-1 composite?
True
Let g(m) = -3*m**3 + 2*m**2 + 5. Let y(u) = 10*u**3 - 6*u**2 - 16. Let w(d) = -7*g(d) - 2*y(d). Is w(3) prime?
False
Let l(w) = -w**3 - w - 4. Let a be l(0). Is (-470)/a*12/15 a prime number?
False
Suppose 2140 = -2*v + 6*v - 5*u, 4*v - 2172 = -3*u. Suppose 2*s - 7*s = 3*t - v, 0 = 2*s + 6. Let j = 272 - t. Is j a composite number?
True
Let f(g) = -15*g + 7. Let c = 18 + -24. Is f(c) a prime number?
True
Is ((-5)/((-245)/(-74396)))/((-4)/14) a prime number?
False
Let v = -21 - -25. Suppose 0 = -0*x - 3*x + 4*w + 206, 284 = 4*x + v*w. Let o = x + -24. Is o prime?
False
Suppose h + 4*h + 10 = 0, 4*f - 10 = -3*h. Suppose 15*m - g - 1566 = 13*m, 0 = -f*m - g + 3144. Is m a prime number?
False
Let m(a) = -a - 3. Let g be m(-3). Suppose -3*p + 9 = 0, g*t - 945 = -3*t + 2*p. Is t a composite number?
False
Suppose -5*f = -2*y - 388, 230 = -2*y + f - 158. Let k = 351 + y. Is k a composite number?
False
Let r(x) = x**2 - 3*x. Let q = 3 + 2. Let c be r(q). Is 4/(-10) - (-714)/c prime?
True
Let n(g) = 26*g**3 + 11*g**2 - 3*g - 13. Is n(6) a composite number?
False
Suppose -7*b = -5*b + 8. Let o(x) = -18*x + 10. Is o(b) prime?
False
Let z be (1 + 2)*(3 + 5082/(-18)). Is (5 - (9 + -3))*z a composite number?
True
Is 1*2*15/((-420)/(-8218)) prime?
True
Let i be 60/27 + 2/(-9). Let g be -5 + 3 + 4 + i. Suppose g*h = 5*h - 191. Is h prime?
True
Let w = 249730 - -176283. Is w a composite number?
True
Let o(f) = -f + 11. Let w be o(-9). Suppose 5*s = -0 + w. Suppose -131 = -5*g - s*y, y + 31 = g + 3*y. Is g composite?
False
Suppose 3*t = t + 56. Suppose t = f + 3*f. Suppose 0 = -2*k - f*k + 3411. Is k prime?
True
Let i = -4 + 7. Suppose 2*s = 3*s - i. Suppose -3*r + 79 = z, s*z - 3*r + 52 - 241 = 0. Is z a prime number?
True
Suppose 6*a + 54 = -378. Let m be (-1)/(0 - 3/a). Is 741/4 + 6/m a prime number?
False
Let t(r) = 22222*r + 625. Is t(6) composite?
True
Let c(u) = 59*u**3 + u - 2. Let y(o) = 59*o**3 - o**2 - 1. Let t(b) = 2*c(b) - 3*y(b). Is t(-2) a prime number?
True
Suppose 41*y - 23543 = 28*y. Is y composite?
False
Let z(g) = 97*g**2 + 10*g + 19. Is z(-4) a composite number?
False
Let x(q) = q - 2. Let f(a) = 2*a**2 + 9*a - 2. Let p be f(-5). Let d be x(p). Is (5 + d)/(-2) - -586 prime?
False
Let v(k) be the first derivative of 340*k**2 + 27*k - 24. Is v(5) prime?
False
Let q(d) = -d**3 + d**2 + 4*d + 32989. Is q(0) composite?
True
Let m(q) = -4*q + 785. Is m(22) a composite number?
True
Suppose 126*u + 15 = 129*u. Is 1219*1*u/5 a prime number?
False
Let z(k) = -k**2 + 1 + 1143*k**3 + 34*k**3 + 3*k**2. Let s be z(2). Is s/15 + 2/3 composite?
True
Let p = -1016 + 5079. Is p a composite number?
True
Suppose -4 + 2 = -2*c. Is 2 - (c + (-4264)/(2/2)) prime?
False
Let o be 2/5*20/8 - -2. Is 54 - ((-2 - 0) + o) prime?
True
Is ((-567)/238 - 2/17)*-178 prime?
False
Suppose -3*o + 9*o = -2304. Let j = -199 - o. Is j prime?
False
Suppose -5*a + 13412 = 9*a. Is a prime?
False
Let r(x) be the third derivative of -2*x**4/3 + x**3/2 + x**2. Let p = -15 + 5. Is r(p) composite?
False
Let x = -7631 + 14914. Is x composite?
False
Let o(m) = 54*m**2 - 4. Is o(3) prime?
False
Let x(o) = o + 5. Let z be x(8). Let j = z - 10. Is ((-10)/j)/((-8)/372) a composite number?
True
Is -3 + 3/8 + 93748/32 prime?
True
Let l = 89421 + -20318. Is l a composite number?
True
Let x = -7012 + 12519. Is x a composite number?
False
Suppose p - 4*m = -m + 10, -2*p = -5*m - 18. Let g(v) = 2*v - 8 + p + 9*v**2 + 1. Is g(4) a composite number?
False
Let i be 3/(-12) + (-276)/(-16). Suppose 0 = -20*y + i*y + 6459. Is y a prime number?
True
Suppose 4*l - 9*l = 375. Let n = l - -105. Suppose -5*j = 3*s - 103, 4*j - n = 2*j - 4*s. Is j a prime number?
True
Let c(i) = -1 + 11 - 7*i + 5*i + 6*i**2 - 5*i. Let p be c(7). Suppose 5*k = -d + p, -3*d = -k - 0*k - 701. Is d a composite number?
True
Is (1511*2)/(31 + -29) a composite number?
False
Suppose 11*l - 13*l = 16. Is (-53)/((-2 - -4)*2/l) composite?
True
Let v = 8 + -10. Is (191 - v) + -2 + -4 a composite number?
True
Let r(d) = -6731*d + 2. Is r(-1) a composite number?
False
Suppose 40991 = 7*s - 39264. Is s a composite number?
True
Let f be 3 - 2 - 21/(-4 - -7). Is (1/2)/(f/(-7512)) composite?
True
Let o(u) = 244*u - 93. Is o(25) composite?
False
Let r(h) = 6*h + 3. Let f be -2 - (2 - 5) - -5. Let v be r(f). Suppose 0 = -5*q + 371 + v. Is q composite?
True
Let k be 4/6 + (-650)/30. Is 916/28 + (-6)/k composite?
True
Let t(l) = 2*l*